x = 26887. List the prime factors of s.
2, 2689
Let u = 6800 + -4829. What are the prime factors of u?
3, 73
Let q(v) = -13*v**2 - 3*v + 2. Let d be q(2). Let i = d + 446. List the prime factors of i.
2, 3, 5, 13
Suppose -6*n - 91 + 43 = 0. Let d(o) be the second derivative of -o**5/20 - o**4/2 + o**3/3 - 15*o**2/2 - 2*o. List the prime factors of d(n).
97
Let h(d) = -11870*d - 1803. What are the prime factors of h(-2)?
21937
Let h be 0/(2 + -2 + 1). Let g(a) = 15*a + 994. What are the prime factors of g(h)?
2, 7, 71
Let i be ((-845)/5)/((-5 - -2) + 2). Suppose -107 = -2*r + i. Suppose 4*f - 90 - r = 0. What are the prime factors of f?
3, 19
Let s = 18153 - 9996. What are the prime factors of s?
3, 2719
Suppose -31654 = 8*a - 9*a + 42824. List the prime factors of a.
2, 3, 12413
Let s(a) = 4*a**2 + 23*a - 3. Let k be s(-6). Suppose -4*z + k = -17. Suppose -z*f = f - 60. List the prime factors of f.
2, 5
Let t = -27 - 104. What are the prime factors of (t/2 + -1)*(-40)/70?
2, 19
Let u be 11/((-33)/2) - 213/(-9). Let w = 101 + u. List the prime factors of w.
2, 31
Suppose -3*s = 5*i - 58201, 105*s - 3 = 106*s. What are the prime factors of i?
2, 5821
Suppose 10 + 14 = 6*i. Suppose -430 - 194 = -i*o. Let y = 221 - o. List the prime factors of y.
5, 13
List the prime factors of (-1960)/1372 + ((-2080716)/(-21))/4.
17, 31, 47
Let d be 3 - -6 - (8 - 6). Suppose d*i - 4*i - 1314 = 0. What are the prime factors of i?
2, 3, 73
Let p(h) be the third derivative of -h**5/60 + 5*h**4/24 + 563*h**3/3 + h**2 - 154*h. List the prime factors of p(0).
2, 563
Suppose 6*h - 65930 = -h + 55919. List the prime factors of h.
13, 103
Suppose 0 = -7*g - 2*g - 5*g. Suppose -7*b + 12*b - 840 = g. What are the prime factors of b?
2, 3, 7
Let a(h) = 7*h - 340. Let b be a(49). What are the prime factors of -3789*3*-3*b/81?
3, 421
Let g be (6/(-9))/(1/(-15)). Suppose -8*o + g*o = 84. Suppose -o*h + 39*h = -165. What are the prime factors of h?
5, 11
Let g(b) = 69*b - 615. Let y be g(3). Suppose -3*k = 12, -k - 346 = t - 59. Let z = t - y. List the prime factors of z.
5
List the prime factors of (53/(-4))/(7 - (-29460)/(-4208)).
53, 263
Suppose 7*r = 5*r + 100. Let x = r + -21. What are the prime factors of x?
29
Let d(v) = 16*v**2 - 20*v - 143. What are the prime factors of d(-13)?
7, 13, 31
Suppose -s + 5*s = 32. Suppose -198*x + 171*x + 19683 = 0. Suppose s*l = -l + x. List the prime factors of l.
3
Let w(b) = 4336*b**2 - 38*b + 70. List the prime factors of w(2).
2, 8669
Let q be (-83)/(4 + 56/(-16)). Let t be 263 + 3 + (0 - -1). Let w = q + t. List the prime factors of w.
101
Let y = -73 - -76. Suppose -2*d = -z - 286, y*z = 4*d - 441 - 127. Let g = d + 36. What are the prime factors of g?
181
Let o(m) = m**3 + 9*m**2 + 9*m + 5. Let l be o(-8). Suppose 99 = 40*i - 43*i. What are the prime factors of (-4)/l - 2728/i?
2, 3, 7
Suppose 8 + 11 = -5*j - 2*r, 0 = 2*r + 4. Let q(x) = -23*x**3 + 3*x**2 - 6*x - 3. What are the prime factors of q(j)?
3, 13, 17
Suppose -2*f - 3*m + 6 = -m, -f = -4*m + 2. Suppose n + 4*y = 2*y + 278, 2*n + f*y - 566 = 0. List the prime factors of n.
2, 3
Let u(g) = -g**3 + 77*g**2 - 288*g + 31. What are the prime factors of u(66)?
43, 673
Suppose -4*z + 1076 = -2*q, 5*q - 1104 = -19*z + 15*z. List the prime factors of z.
271
Let j = -1003 - -3194. List the prime factors of j.
7, 313
Let o(g) be the third derivative of 89*g**4/24 - 8*g**3/3 - 198*g**2. List the prime factors of o(3).
251
Let o(d) = 4*d**2 - 20*d + 199. Let h be o(7). Suppose 0*c = 5*c + 10, 3*j + 4*c = 10. Suppose -11*f + j*f + h = 0. List the prime factors of f.
3, 17
List the prime factors of 27580 + 89 - (2 - (-14)/(-2)).
2, 101, 137
Let a = -5894 - -10065. Suppose 12*t - 1817 = a. What are the prime factors of t?
499
Suppose 30 = -9*s + 7*s. What are the prime factors of (-6)/15 - (3831/s - -5)?
2, 5
Suppose 36473 = 13*f - 6778. Suppose 1115 = r - 3*k, 3*k = -16*r + 19*r - f. What are the prime factors of r?
2, 7, 79
Suppose 9 = 42*a - 45*a, 2*v - 32809 = a. List the prime factors of v.
47, 349
Suppose 0 = -2*j - 0*j + 1168. Let x = 1351 - j. Suppose 5*k - 255 - 148 = -2*s, -4*s + 3*k = -x. List the prime factors of s.
2, 97
Let m(o) = -4*o**3 + 35*o**2 - 45*o + 25. Let k(n) = -3*n**3 + 34*n**2 - 44*n + 26. Let t(f) = -3*k(f) + 2*m(f). List the prime factors of t(31).
313
Suppose 4 - 52 = -3*z. Suppose i = -3*i - z, 2*i + 12 = g. What are the prime factors of 150 - 3 - (-1 + g)?
2, 3
Let k be (18/(-15))/((-1)/(-55)) + 0. Let d = -64 - k. Suppose -5*a + 5*o + 26 + 4 = 0, 0 = -d*a + 5*o. List the prime factors of a.
2, 5
Let y = 289 - 145. Let l be y/(-9)*101/2. What are the prime factors of (l/(-32))/((-9)/(-4) - 2)?
101
Suppose 7 = -3*r + 13. Suppose -r*s + 142 = -2*o, -2*s = 4*o - 129 - 37. What are the prime factors of s?
3, 5
Let q(i) = i**3 + 11*i**2 - i - 8. Let b be q(-11). Let h(a) = -34*a**2 + 60*a**2 - a - 243*a**b - 3 - 25*a**2. List the prime factors of h(-1).
2, 11
Suppose n + 2*g - 12010 = 0, 8210 = -2*n - 3*g + 32234. List the prime factors of n.
2, 3, 2003
Let r = -23 + 56. Let m = -37 + r. List the prime factors of 0 + 46 - (m + 1 + 4).
3, 5
Let z = -479 + 1902. Suppose -z = 30*q - 13213. List the prime factors of q.
3, 131
Let j(w) = 1 + 21*w + 7 - 7*w + 2*w**2 + 2*w. List the prime factors of j(-10).
2, 3
Suppose 386*w - 33*w = 2029575 + 4151455. What are the prime factors of w?
2, 5, 17, 103
Suppose 0 = -60*l + 25*l + 23*l + 121392. What are the prime factors of l?
2, 3, 281
Suppose 139 = 9*a + 40. Suppose 15 = 3*u, -5*s - 10*u = -a*u + 90. Let v = 100 + s. List the prime factors of v.
83
Suppose 6*v - 65758 + 15692 = 38506. List the prime factors of v.
2, 11, 61
What are the prime factors of 51/4*-6*474/(-9)?
3, 17, 79
Let y = -69 - -34. Let i = -31 - y. Suppose i*c - 557 = 147. What are the prime factors of c?
2, 11
Suppose 63 - 1141 = 11*s. Let w = 98 + s. Suppose w = -11*m - 125 + 2391. What are the prime factors of m?
2, 103
Let f = -51 - -53. Suppose h - f*h = 4*j - 1202, 0 = 3*j - 5*h - 890. What are the prime factors of j?
2, 3, 5
Let n = -85 + 85. Let x(a) = n - 17 + 3*a - 5*a - 22. What are the prime factors of x(-22)?
5
Let d(h) = 8*h - 5. Let g be d(1). Let w be (3 - 1) + (g - -268). List the prime factors of w/(-14)*16/(-6).
2, 13
Let l be -3*((-13)/9 - (-2)/(-9)). Suppose -5*v = l*h - 405, -3*h - 25 = 2*h. What are the prime factors of v?
2, 43
Let o be 2/(-2 - -3)*(-1)/(-1). Let p be o/(4/(-39)) - 1/2. What are the prime factors of 4 - (-72)/p - (-93)/5?
19
Suppose 2*s = -10*s. Suppose -11*m = -s*m + 495. List the prime factors of (-5*123/m)/(2/6).
41
Suppose -37 - 83 = 15*y. What are the prime factors of 2 + 3 - (561*y)/11?
7, 59
Let c = -90 - -90. What are the prime factors of (4/8)/(c + -1)*-362?
181
Let m = 4400 - -5983. What are the prime factors of m?
3, 3461
Let l(s) = -60*s + 14. Let q be l(22). Let g = 1976 + q. What are the prime factors of g?
2, 5, 67
Suppose 1668 = 17*z - 15*z. What are the prime factors of z?
2, 3, 139
Let j(h) = 2*h**3 + 4*h - 3. Let u be j(1). Suppose 0 = -u*i + 2*a + 752, -5*i - 18*a + 16*a = -1280. What are the prime factors of i?
2, 127
Let k = 67 - 65. Suppose -994 = -5*z + 2*o, k*o = -z - o + 192. List the prime factors of z.
2, 3, 11
Suppose -3*r - z = -68456, 30*r - 31*r - 2*z + 22827 = 0. List the prime factors of r.
22817
Suppose 200*r = 204*r - 5*o + 7937 - 122029, 0 = -4*o. List the prime factors of r.
11, 2593
Suppose 3504 = 9*o - 7*o. Suppose -o = 8*z - 11*z. Let w = -373 + z. What are the prime factors of w?
211
Let a(i) = i**3 + 14*i**2 + 12*i - 26. Let q be a(-13). Let b(h) = 4*h**2 - 72*h - 28. List the prime factors of b(q).
2, 3, 11
Suppose 6*g - 12*g + 42 = 0. Suppose -4*t - 12*h + 892 = -g*h, -2*h = -t + 223. List the prime factors of t.
223
Let m(q) = q**3 + 13*q**2 - 7*q - 14. Let v = -76 + 80. Suppose -i + 57 = -5*r, -5*r + v*i - 30 = 18. List the prime factors of m(r).
2, 107
Let h be (-1)/4 + 6237/36. Let q = h - -22. List the prime factors of q.
3, 5, 13
Suppose 0 = p - 27 + 22. Suppose 4*t + 4*r - 16 = 0, -4*t + 3*r + p = -18. Suppose 3*k - 6*k = t*z - 200, 0 = -2*z - 10. What are the prime factors of k?
3, 5
Let f be ((-4)/(-14))/(16/112). Suppose -p = -3*p, -w - f*p - 18 = 0. Let 